hat is 0 + -62943978?
-62943978
In base 11, what is -a580 + -657?
-10127
In base 8, what is -4 + -512556?
-512562
In base 16, what is -5 - 19c1ee?
-19c1f3
In base 5, what is -10 - -20324441100?
20324441040
In base 14, what is -24c - -1dd41?
1dad3
In base 14, what is -45b42a1 + 3?
-45b429c
In base 12, what is -1013a7 - -17?
-101390
In base 6, what is 1210 + -113201?
-111551
In base 10, what is -10746 + -96570?
-107316
In base 13, what is -42139 - -6?
-42133
In base 5, what is 14 + -41003104?
-41003040
In base 5, what is -43 + 11121101020?
11121100422
In base 11, what is -1458369 + -a?
-1458378
In base 14, what is 10 + -58c06c?
-58c05c
In base 8, what is -3 + -74211261?
-74211264
In base 5, what is -1231 - -420230?
413444
In base 9, what is -51232 - -501?
-50631
In base 10, what is 0 + -1429013?
-1429013
In base 10, what is -1328 + -2181?
-3509
In base 8, what is 32423 + -25715?
4506
In base 4, what is -10030200310110 + 10?
-10030200310100
In base 2, what is 101 - -1000110000010001010011001?
1000110000010001010011110
In base 4, what is 1322200011 - 133?
1322133212
In base 14, what is -1360 + 107db?
d47b
In base 12, what is -54051b6 - -5?
-54051b1
In base 9, what is 182022 + -16?
182005
In base 16, what is -5a5 + 1faa?
1a05
In base 14, what is -15 - -6371b12?
6371adb
In base 10, what is 0 - 4273201?
-4273201
In base 11, what is -47 - 37604?
-37650
In base 5, what is 2 - 4244334311?
-4244334304
In base 9, what is 183243784 - 12?
183243772
In base 14, what is -9c + a94638?
a9457a
In base 5, what is -1041 - 124133040?
-124134131
In base 10, what is 6053 - -12?
6065
In base 6, what is -2225213520 - -4?
-2225213512
In base 12, what is 356606 + -4b8?
35610a
In base 12, what is -2 - -8b36324?
8b36322
In base 15, what is 1b3d84a0 - -4?
1b3d84a4
In base 12, what is -3 - 7503?
-7506
In base 9, what is -4 - 1566774?
-1566778
In base 5, what is 33012403 + -4?
33012344
In base 2, what is 10000100011 + 10111000010111?
11001000111010
In base 11, what is -374160 - 4?
-374164
In base 7, what is 155123255 + -55?
155123200
In base 7, what is 2 - 501355361?
-501355356
In base 6, what is 55504 - 2345?
53115
In base 14, what is 37b + -1608?
-126b
In base 12, what is -2921 - 3658?
-6379
In base 10, what is 125749254 - 4?
125749250
In base 13, what is -2090751c + 1?
-2090751b
In base 4, what is 22 + 1303221320?
1303222002
In base 10, what is -34433 + -2561?
-36994
In base 13, what is c9c920 + 6?
c9c926
In base 11, what is -a + 1350aa?
1350a0
In base 14, what is -87bb + -10?
-87cb
In base 12, what is -8a07103a - -3?
-8a071037
In base 8, what is 2234274 + -17?
2234255
In base 2, what is -11 - 10100111100111110010111?
-10100111100111110011010
In base 8, what is -1005572 + 357?
-1005213
In base 2, what is 1000101001001100011010011110 + 110?
1000101001001100011010100100
In base 4, what is 12 - 13023100?
-13023022
In base 3, what is -10112002022021202 - 2?
-10112002022021211
In base 16, what is -8a86 - 430?
-8eb6
In base 14, what is -37391b7 - 4?
-37391bb
In base 10, what is -113 - -712518?
712405
In base 11, what is 3 - -384591?
384594
In base 6, what is 1435145034 - 0?
1435145034
In base 14, what is 719d15a - 0?
719d15a
In base 8, what is 4 + 366155050?
366155054
In base 5, what is -220 + 22412003?
22411233
In base 9, what is -4161811 - -28?
-4161772
In base 12, what is -22b748 + -1?
-22b749
In base 5, what is -12 - -121114240210?
121114240143
In base 11, what is 3619381 - -89?
361945a
In base 9, what is -3532518214 + -5?
-3532518220
In base 2, what is 10000111100111101101000 - 11?
10000111100111101100101
In base 6, what is 145 + -2033101?
-2032512
In base 6, what is -4 - 10330331223?
-10330331231
In base 8, what is 11777740 - 0?
11777740
In base 8, what is 1740102 - 314?
1737566
In base 11, what is -326145 - 959?
-326aa3
In base 6, what is -4 + -1105321404?
-1105321412
In base 12, what is -830b + -589?
-8898
In base 3, what is 101202112110 - -222?
101202120102
In base 4, what is 21020023210003 - -2?
21020023210011
In base 7, what is -4 - -4160150201?
4160150164
In base 8, what is 210663 + -11641?
177022
In base 6, what is 12112421 - -112?
12112533
In base 12, what is -1 - -1b6a939?
1b6a938
In base 11, what is -6 - 11858796?
-118587a1
In base 7, what is -13666061 - 2302?
-14001363
In base 9, what is 536 - 2611871?
-2611334
In base 2, what is 1011101111110010 - -10101110?
1011110010100000
In base 3, what is -12012001101200 + 12?
-12012001101111
In base 13, what is -41 - 6b826?
-6b867
In base 4, what is -11310123032033 - 10?
-11310123032103
In base 16, what is 2d + c7605?
c7632
In base 7, what is -140260240 - 10?
-140260250
In base 4, what is 1103313113003 + 0?
1103313113003
In base 3, what is 100021100 - 2121201?
20122122
In base 13, what is 7c392a - b0?
7c384a
In base 12, what is -3612 - a02b?
-11641
In base 5, what is -2 - 10240300024?
-10240300031
In base 10, what is -16 + -1174479?
-1174495
In base 13, what is -7 - 85160b7?
-85160c1
In base 12, what is -29 + 1061ab?
106182
In base 2, what is 1111001001001110 - 1101011?
1111000111100011
In base 13, what is -4a8c7 - -2a?
-4a89a
In base 6, what is -1224304341 + 10?
-1224304331
In base 9, what is 6522 + 3224?
10746
In base 7, what is 60651131 + -4?
60651124
In base 13, what is 3 + 526b27?
526b2a
In base 11, what is 47 + 211622?
211669
In base 2, what is 10011011011100101 + -11000010?
10011011000100011
In base 12, what is a284b2a + -6?
a284b24
In base 14, what is 89 + 45d54?
45ddd
In base 8, what is -155 - 26261?
-26436
In base 3, what is -11000 - -11211211010000?
11211210222000
In base 3, what is -211020012 + -20122101?
-1001212120
In base 8, what is -1255 + -3545?
-5022
In base 3, what is 1102211 - -2120021?
11000002
In base 9, what is -70 + 1026747?
1026667
In base 2, what is 101 + 111010010000110111110100?
111010010000110111111001
In base 11, what is -219 + 14a87a7?
14a8589
In base 10, what is -292968 + 3006?
-289962
In base 5, what is 423242424434 + -1?
423242424433
In base 11, what is 6 - 870207?
-870201
In base 7, what is 13 + -34331462?
-34331446
In base 16, what is -6be72 + 1f1?
-6bc81
In base 9, what is 44235432 + -10?
44235422
In base 9, what is -30108 + -380?
-30488
In base 4, what is -220233 - -311013?
30120
In base 3, what is 1222220112211120212 + -10?
1222220112211120202
In base 12, what is 4 + -10b624b?
-10b6247
In base 10, what is 151 - -127422?
127573
In base 3, what is 121211221 + -10211?
121201010
In base 8, what is -2 + -7430740?
-7430742
In base 9, what is 0 + 57713784?
57713784
In base 14, what is -1 + 640b296?
640b295
In base 11, what is -7997430 + -4?
-7997434
In base 16, what is 7575e28 + 1?
7575e29
In base 12, what is 840961 - 5?
840958
In base 8, what is -175017564 - -2?
-175017562
In base 5, what is -22 - 244414340?
-244414412
In base 5, what is -221240334 + 3?
-221240331
In base 2, what is 1 - -101011011111011000010?
101011011111011000011
In base 4, what is -13111 - -10232212?
10213101
In base 6, what is 44 - 213330154?
-213330110
In base 16, what is -1319106 + -b?
-1319111
In base 9, what is 2 + 126742828?
126742831
In base 10, what is -13496 - 3237?
-16733
In base 2, what is 10101111000 - -1000110100111001?
1001001010110001
In base 15, what is 52b02 - 10?
52ae2
In base 5, what is 1 - -44410243?
44410244
In base 8, what is 1 - -4562765?
4562766
In base 13, what is -4 + 111a358?
111a354
In base 7, what is -13 - 21524?
-21540
In base 11, what is -161a34a3 - -2?
-161a34a1
In base 5, what is -3334111 + -403?
-3340014
In base 16, what is -13f + -a1355?
-a1494
In base 2, what is -1001011101111 + 101111011000000?
100101111010001
In base 9, what is 3344 - -1265?
4620
In base 4, what is 223321 + -100000?
123321
In base 7, what is -1 + -2310300325?
-2310300326
In base 3, what is 11120 + 1120122001221?
1120122020111
In base 6, what is 10234513140 - 4?
10234513132
In base 13, what is 130783b - -1?
130783c
In base 3, what is -12 - -20210101112210?
20210101112121
In base 15, what is 26800b01 - 1?
26800b00
In base 13, what is -219 + 12b8?
109c
In base 3, what is -1201022211 + -101211101?
-2010011012
In base 10, what is -28716712 + 10?
-28716702
In base 10, what is -89703686 - 2?
-89703688
In base 11, what is -1 - 21563291?
-21563292
In base 7, what is -25552534 - -202?
-25552332
In base 3, what is -111201